{"id":10,"date":"2022-03-02T09:01:04","date_gmt":"2022-03-02T09:01:04","guid":{"rendered":"https:\/\/nasrosupirosorr.ro\/?page_id=10"},"modified":"2022-04-20T20:07:06","modified_gmt":"2022-04-20T20:07:06","slug":"elerhetoseg","status":"publish","type":"page","link":"https:\/\/nasrosupirosorr.ro\/index.php\/elerhetoseg\/","title":{"rendered":"El\u00e9rhet\u0151s\u00e9g"},"content":{"rendered":"\t\t<div data-elementor-type=\"wp-page\" data-elementor-id=\"10\" class=\"elementor elementor-10\">\n\t\t\t\t\t\t\t\t\t<section class=\"elementor-section elementor-top-section elementor-element elementor-element-5951315 elementor-section-boxed elementor-section-height-default elementor-section-height-default\" data-id=\"5951315\" data-element_type=\"section\">\n\t\t\t\t\t\t<div class=\"elementor-container elementor-column-gap-default\">\n\t\t\t\t\t<div class=\"aux-parallax-section elementor-column elementor-col-100 elementor-top-column elementor-element elementor-element-e739f99\" data-id=\"e739f99\" data-element_type=\"column\">\n\t\t\t<div class=\"elementor-widget-wrap elementor-element-populated\">\n\t\t\t\t\t\t\t\t<section class=\"elementor-section elementor-inner-section elementor-element elementor-element-7afebb8 elementor-section-boxed elementor-section-height-default elementor-section-height-default\" data-id=\"7afebb8\" data-element_type=\"section\">\n\t\t\t\t\t\t<div class=\"elementor-container elementor-column-gap-default\">\n\t\t\t\t\t<div class=\"aux-parallax-section elementor-column elementor-col-50 elementor-inner-column elementor-element elementor-element-abe8826\" data-id=\"abe8826\" data-element_type=\"column\">\n\t\t\t<div class=\"elementor-widget-wrap elementor-element-populated\">\n\t\t\t\t\t\t\t\t<div class=\"elementor-element elementor-element-e7b1e40 elementor-widget elementor-widget-text-editor\" data-id=\"e7b1e40\" data-element_type=\"widget\" data-widget_type=\"text-editor.default\">\n\t\t\t\t<div class=\"elementor-widget-container\">\n\t\t\t<style>\/*! elementor - v3.6.4 - 13-04-2022 *\/\n.elementor-widget-text-editor.elementor-drop-cap-view-stacked .elementor-drop-cap{background-color:#818a91;color:#fff}.elementor-widget-text-editor.elementor-drop-cap-view-framed .elementor-drop-cap{color:#818a91;border:3px solid;background-color:transparent}.elementor-widget-text-editor:not(.elementor-drop-cap-view-default) .elementor-drop-cap{margin-top:8px}.elementor-widget-text-editor:not(.elementor-drop-cap-view-default) .elementor-drop-cap-letter{width:1em;height:1em}.elementor-widget-text-editor .elementor-drop-cap{float:left;text-align:center;line-height:1;font-size:50px}.elementor-widget-text-editor .elementor-drop-cap-letter{display:inline-block}<\/style>\t\t\t\t<p><strong>Csatlos K\u00e1roly<\/strong>: 0740508958<\/p><p><strong>Csatlos T\u00fcnde<\/strong>: 0740762500<\/p><p><strong>pirosorregyesulet@gmail.com<\/strong><\/p><p>Marosv\u00e1s\u00e1rhely, Budiului (Bodoni) utca 61. sz\u00e1m 540390<\/p>\t\t\t\t\t\t<\/div>\n\t\t\t\t<\/div>\n\t\t\t\t\t<\/div>\n\t\t<\/div>\n\t\t\t\t<div class=\"aux-parallax-section elementor-column elementor-col-50 elementor-inner-column elementor-element elementor-element-a437b2e\" data-id=\"a437b2e\" data-element_type=\"column\">\n\t\t\t<div class=\"elementor-widget-wrap elementor-element-populated\">\n\t\t\t\t\t\t\t\t<div class=\"elementor-element elementor-element-4abbec0 elementor-widget elementor-widget-image\" data-id=\"4abbec0\" data-element_type=\"widget\" data-widget_type=\"image.default\">\n\t\t\t\t<div class=\"elementor-widget-container\">\n\t\t\t<style>\/*! elementor - v3.6.4 - 13-04-2022 *\/\n.elementor-widget-image{text-align:center}.elementor-widget-image a{display:inline-block}.elementor-widget-image a img[src$=\".svg\"]{width:48px}.elementor-widget-image img{vertical-align:middle;display:inline-block}<\/style>\t\t\t\t\t\t\t\t\t\t\t\t<img loading=\"lazy\" decoding=\"async\" width=\"150\" height=\"150\" src=\"https:\/\/nasrosupirosorr.ro\/wp-content\/uploads\/2022\/03\/41944180_2298817293468265_7561956954503905280_n-150x150.jpg\" class=\"attachment-thumbnail size-thumbnail\" alt=\"\" srcset=\"https:\/\/nasrosupirosorr.ro\/wp-content\/uploads\/2022\/03\/41944180_2298817293468265_7561956954503905280_n-150x150.jpg 150w, https:\/\/nasrosupirosorr.ro\/wp-content\/uploads\/2022\/03\/41944180_2298817293468265_7561956954503905280_n-300x300.jpg 300w, https:\/\/nasrosupirosorr.ro\/wp-content\/uploads\/2022\/03\/41944180_2298817293468265_7561956954503905280_n-1024x1024.jpg 1024w, https:\/\/nasrosupirosorr.ro\/wp-content\/uploads\/2022\/03\/41944180_2298817293468265_7561956954503905280_n-768x768.jpg 768w, https:\/\/nasrosupirosorr.ro\/wp-content\/uploads\/2022\/03\/41944180_2298817293468265_7561956954503905280_n.jpg 1080w\" sizes=\"auto, (max-width: 150px) 100vw, 150px\" \/>\t\t\t\t\t\t\t\t\t\t\t\t\t\t\t<\/div>\n\t\t\t\t<\/div>\n\t\t\t\t\t<\/div>\n\t\t<\/div>\n\t\t\t\t\t\t\t<\/div>\n\t\t<\/section>\n\t\t\t\t\t<\/div>\n\t\t<\/div>\n\t\t\t\t\t\t\t<\/div>\n\t\t<\/section>\n\t\t\t\t\t\t\t<\/div>\n\t\t","protected":false},"excerpt":{"rendered":"<p>Csatlos K\u00e1roly: 0740508958 Csatlos T\u00fcnde: 0740762500 pirosorregyesulet@gmail.com Marosv\u00e1s\u00e1rhely, Budiului (Bodoni) utca 61. sz\u00e1m 540390<\/p>\n","protected":false},"author":1,"featured_media":0,"parent":0,"menu_order":0,"comment_status":"closed","ping_status":"closed","template":"","meta":{"_monsterinsights_skip_tracking":false,"_monsterinsights_sitenote_active":false,"_monsterinsights_sitenote_note":"","_monsterinsights_sitenote_category":0,"footnotes":""},"class_list":["post-10","page","type-page","status-publish","hentry"],"_links":{"self":[{"href":"https:\/\/nasrosupirosorr.ro\/index.php\/wp-json\/wp\/v2\/pages\/10","targetHints":{"allow":["GET"]}}],"collection":[{"href":"https:\/\/nasrosupirosorr.ro\/index.php\/wp-json\/wp\/v2\/pages"}],"about":[{"href":"https:\/\/nasrosupirosorr.ro\/index.php\/wp-json\/wp\/v2\/types\/page"}],"author":[{"embeddable":true,"href":"https:\/\/nasrosupirosorr.ro\/index.php\/wp-json\/wp\/v2\/users\/1"}],"replies":[{"embeddable":true,"href":"https:\/\/nasrosupirosorr.ro\/index.php\/wp-json\/wp\/v2\/comments?post=10"}],"version-history":[{"count":9,"href":"https:\/\/nasrosupirosorr.ro\/index.php\/wp-json\/wp\/v2\/pages\/10\/revisions"}],"predecessor-version":[{"id":176,"href":"https:\/\/nasrosupirosorr.ro\/index.php\/wp-json\/wp\/v2\/pages\/10\/revisions\/176"}],"wp:attachment":[{"href":"https:\/\/nasrosupirosorr.ro\/index.php\/wp-json\/wp\/v2\/media?parent=10"}],"curies":[{"name":"wp","href":"https:\/\/api.w.org\/{rel}","templated":true}]}}