{"id":8,"date":"2022-03-02T09:01:04","date_gmt":"2022-03-02T09:01:04","guid":{"rendered":"https:\/\/nasrosupirosorr.ro\/?page_id=8"},"modified":"2025-03-18T13:18:56","modified_gmt":"2025-03-18T13:18:56","slug":"kezdolap","status":"publish","type":"page","link":"https:\/\/nasrosupirosorr.ro\/","title":{"rendered":"Kezd\u0151lap"},"content":{"rendered":"\t\t<div data-elementor-type=\"wp-page\" data-elementor-id=\"8\" class=\"elementor elementor-8\">\n\t\t\t\t\t\t\t\t\t<section class=\"elementor-section elementor-top-section elementor-element elementor-element-8c877ae elementor-section-boxed elementor-section-height-default elementor-section-height-default\" data-id=\"8c877ae\" data-element_type=\"section\">\n\t\t\t\t\t\t<div class=\"elementor-container elementor-column-gap-default\">\n\t\t\t\t\t<div class=\"aux-parallax-section elementor-column elementor-col-100 elementor-top-column elementor-element elementor-element-7d26c06\" data-id=\"7d26c06\" data-element_type=\"column\">\n\t\t\t<div class=\"elementor-widget-wrap elementor-element-populated\">\n\t\t\t\t\t\t\t\t<div class=\"elementor-element elementor-element-a6316ca elementor-pagination-position-outside elementor-widget elementor-widget-image-carousel\" data-id=\"a6316ca\" data-element_type=\"widget\" data-settings=\"{&quot;slides_to_show&quot;:&quot;7&quot;,&quot;navigation&quot;:&quot;dots&quot;,&quot;autoplay&quot;:&quot;yes&quot;,&quot;pause_on_hover&quot;:&quot;yes&quot;,&quot;pause_on_interaction&quot;:&quot;yes&quot;,&quot;autoplay_speed&quot;:5000,&quot;infinite&quot;:&quot;yes&quot;,&quot;speed&quot;:500}\" data-widget_type=\"image-carousel.default\">\n\t\t\t\t<div class=\"elementor-widget-container\">\n\t\t\t<style>\/*! elementor - v3.6.4 - 13-04-2022 *\/\n.elementor-widget-image-carousel .swiper-container{position:static}.elementor-widget-image-carousel .swiper-container .swiper-slide figure{line-height:inherit}.elementor-widget-image-carousel .swiper-slide{text-align:center}.elementor-image-carousel-wrapper:not(.swiper-container-initialized) .swiper-slide{max-width:calc(100% \/ var(--e-image-carousel-slides-to-show, 3))}<\/style>\t\t<div class=\"elementor-image-carousel-wrapper swiper-container\" dir=\"ltr\">\n\t\t\t<div class=\"elementor-image-carousel swiper-wrapper\">\n\t\t\t\t\t\t\t\t<div class=\"swiper-slide\"><figure class=\"swiper-slide-inner\"><img decoding=\"async\" class=\"swiper-slide-image\" src=\"https:\/\/nasrosupirosorr.ro\/wp-content\/uploads\/2023\/03\/7923b1a4-09f9-4e22-8e53-cec637d43fe1-150x150.jpg\" alt=\"7923b1a4-09f9-4e22-8e53-cec637d43fe1\" \/><\/figure><\/div><div class=\"swiper-slide\"><figure class=\"swiper-slide-inner\"><img decoding=\"async\" class=\"swiper-slide-image\" src=\"https:\/\/nasrosupirosorr.ro\/wp-content\/uploads\/2023\/03\/IMG_5530-150x150.jpg\" alt=\"IMG_5530\" \/><\/figure><\/div><div class=\"swiper-slide\"><figure class=\"swiper-slide-inner\"><img decoding=\"async\" class=\"swiper-slide-image\" src=\"https:\/\/nasrosupirosorr.ro\/wp-content\/uploads\/2023\/03\/IMG_5528-150x150.jpg\" alt=\"IMG_5528\" \/><\/figure><\/div><div class=\"swiper-slide\"><figure class=\"swiper-slide-inner\"><img decoding=\"async\" class=\"swiper-slide-image\" src=\"https:\/\/nasrosupirosorr.ro\/wp-content\/uploads\/2023\/03\/IMG_5508-150x150.jpg\" alt=\"IMG_5508\" \/><\/figure><\/div><div class=\"swiper-slide\"><figure class=\"swiper-slide-inner\"><img decoding=\"async\" class=\"swiper-slide-image\" src=\"https:\/\/nasrosupirosorr.ro\/wp-content\/uploads\/2023\/03\/IMG_5498-150x150.jpg\" alt=\"IMG_5498\" \/><\/figure><\/div><div class=\"swiper-slide\"><figure class=\"swiper-slide-inner\"><img decoding=\"async\" class=\"swiper-slide-image\" src=\"https:\/\/nasrosupirosorr.ro\/wp-content\/uploads\/2023\/03\/IMG_5495-150x150.jpg\" alt=\"IMG_5495\" \/><\/figure><\/div><div class=\"swiper-slide\"><figure class=\"swiper-slide-inner\"><img decoding=\"async\" class=\"swiper-slide-image\" src=\"https:\/\/nasrosupirosorr.ro\/wp-content\/uploads\/2023\/03\/IMG_5490-150x150.jpg\" alt=\"IMG_5490\" \/><\/figure><\/div><div class=\"swiper-slide\"><figure class=\"swiper-slide-inner\"><img decoding=\"async\" class=\"swiper-slide-image\" src=\"https:\/\/nasrosupirosorr.ro\/wp-content\/uploads\/2023\/03\/IMG_5476-150x150.jpg\" alt=\"IMG_5476\" \/><\/figure><\/div><div class=\"swiper-slide\"><figure class=\"swiper-slide-inner\"><img decoding=\"async\" class=\"swiper-slide-image\" src=\"https:\/\/nasrosupirosorr.ro\/wp-content\/uploads\/2023\/03\/IMG_5465-150x150.jpg\" alt=\"IMG_5465\" \/><\/figure><\/div><div class=\"swiper-slide\"><figure class=\"swiper-slide-inner\"><img decoding=\"async\" class=\"swiper-slide-image\" src=\"https:\/\/nasrosupirosorr.ro\/wp-content\/uploads\/2023\/03\/IMG_5455-150x150.jpg\" alt=\"IMG_5455\" \/><\/figure><\/div><div class=\"swiper-slide\"><figure class=\"swiper-slide-inner\"><img decoding=\"async\" class=\"swiper-slide-image\" src=\"https:\/\/nasrosupirosorr.ro\/wp-content\/uploads\/2023\/03\/IMG_5437-150x150.jpg\" alt=\"IMG_5437\" \/><\/figure><\/div><div class=\"swiper-slide\"><figure class=\"swiper-slide-inner\"><img decoding=\"async\" class=\"swiper-slide-image\" src=\"https:\/\/nasrosupirosorr.ro\/wp-content\/uploads\/2023\/03\/IMG_5429-150x150.jpg\" alt=\"IMG_5429\" \/><\/figure><\/div><div class=\"swiper-slide\"><figure class=\"swiper-slide-inner\"><img decoding=\"async\" class=\"swiper-slide-image\" src=\"https:\/\/nasrosupirosorr.ro\/wp-content\/uploads\/2023\/03\/IMG_5426-150x150.jpg\" alt=\"IMG_5426\" \/><\/figure><\/div><div class=\"swiper-slide\"><figure class=\"swiper-slide-inner\"><img decoding=\"async\" class=\"swiper-slide-image\" src=\"https:\/\/nasrosupirosorr.ro\/wp-content\/uploads\/2023\/03\/IMG_5419-150x150.jpg\" alt=\"IMG_5419\" \/><\/figure><\/div><div class=\"swiper-slide\"><figure class=\"swiper-slide-inner\"><img decoding=\"async\" class=\"swiper-slide-image\" src=\"https:\/\/nasrosupirosorr.ro\/wp-content\/uploads\/2023\/03\/df42b874-079b-4d50-9562-87cc59eec8c4-150x150.jpg\" alt=\"df42b874-079b-4d50-9562-87cc59eec8c4\" \/><\/figure><\/div>\t\t\t<\/div>\n\t\t\t\t\t\t\t\t\t\t\t\t<div class=\"swiper-pagination\"><\/div>\n\t\t\t\t\t\t\t\t\t\t\t\t\t<\/div>\n\t\t\t\t<\/div>\n\t\t\t\t<\/div>\n\t\t\t\t\t<\/div>\n\t\t<\/div>\n\t\t\t\t\t\t\t<\/div>\n\t\t<\/section>\n\t\t\t\t<section class=\"elementor-section elementor-top-section elementor-element elementor-element-c4c9b51 elementor-section-boxed elementor-section-height-default elementor-section-height-default\" data-id=\"c4c9b51\" data-element_type=\"section\">\n\t\t\t\t\t\t<div class=\"elementor-container elementor-column-gap-default\">\n\t\t\t\t\t<div class=\"aux-parallax-section elementor-column elementor-col-100 elementor-top-column elementor-element elementor-element-6867c59\" data-id=\"6867c59\" data-element_type=\"column\">\n\t\t\t<div class=\"elementor-widget-wrap elementor-element-populated\">\n\t\t\t\t\t\t\t\t<div class=\"elementor-element elementor-element-c09268d elementor-widget elementor-widget-text-editor\" data-id=\"c09268d\" data-element_type=\"widget\" data-widget_type=\"text-editor.default\">\n\t\t\t\t<div class=\"elementor-widget-container\">\n\t\t\t<style>\/*! elementor - v3.6.4 - 13-04-2022 *\/\n.elementor-widget-text-editor.elementor-drop-cap-view-stacked .elementor-drop-cap{background-color:#818a91;color:#fff}.elementor-widget-text-editor.elementor-drop-cap-view-framed .elementor-drop-cap{color:#818a91;border:3px solid;background-color:transparent}.elementor-widget-text-editor:not(.elementor-drop-cap-view-default) .elementor-drop-cap{margin-top:8px}.elementor-widget-text-editor:not(.elementor-drop-cap-view-default) .elementor-drop-cap-letter{width:1em;height:1em}.elementor-widget-text-editor .elementor-drop-cap{float:left;text-align:center;line-height:1;font-size:50px}.elementor-widget-text-editor .elementor-drop-cap-letter{display:inline-block}<\/style>\t\t\t\t<h2 style=\"text-align: center;\"><span style=\"color: #ff0000;\"><strong>Piros Orr Egyes\u00fclet<\/strong><\/span><\/h2><p style=\"text-align: center;\"><span style=\"color: #000000;\">Bizony\u00e1ra sokatokban felmer\u00fcl, hogy mi\u00e9rt is lett Piros Orr az egyes\u00fclet\u00fcnk neve? Tal\u00e1n az is megfordult a fejetekben, hogy m\u00e1r l\u00e9tezik egy nemzetk\u00f6zi szervezet a Red Noses International, nos a mi\u00e9nknek teljesen m\u00e1s t\u00f6rt\u00e9nete van. Amikor megfogalmaz\u00f3dott benn\u00fcnk, hogy szeretn\u00e9nk Marci fiunknak egy egyes\u00fcletet l\u00e9trehozni kezdt\u00fcnk gondolkodni, hogy mi is legyen a neve az egyes\u00fclet\u00fcnknek. T\u00f6bb n\u00e9vjavaslat is megfogalmaz\u00f3dott benn\u00fcnk, v\u00e9g\u00fcl Piros Orr maradt egy nagyon egyszer\u0171, azonban Marcira jellemz\u0151 ok miatt, m\u00e9gpedig az\u00e9rt, mert \u0151 nagyon sokat van hason a szivacs\u00e1n \u00e9s folyamatosan d\u00f6rg\u00f6li a kis orr\u00e1t a leped\u0151h\u00f6z, \u00edgy szinte mindig piros a kis orra, \u00edgy sz\u00fcletett meg a Piros Orr Egyes\u00fclet 2020-ban.<\/span><\/p><p style=\"text-align: center;\">A <a href=\"https:\/\/nasrosupirosorr.ro\/index.php\/rolunk\/(megnyit\u00e1s \u00faj f\u00fcl\u00f6n)\" data-wplink-url-error=\"true\">R\u00f3lunk<\/a> men\u00fcpont alatt t\u00f6bb mindent is megtudhatsz c\u00e9ljainkr\u00f3l, projektjeinkr\u0151l, egyes\u00fclet\u00fcnk tev\u00e9kenys\u00e9g\u00e9r\u0151l.<\/p>\t\t\t\t\t\t<\/div>\n\t\t\t\t<\/div>\n\t\t\t\t\t<\/div>\n\t\t<\/div>\n\t\t\t\t\t\t\t<\/div>\n\t\t<\/section>\n\t\t\t\t<section class=\"elementor-section elementor-top-section elementor-element elementor-element-723a194 elementor-section-boxed elementor-section-height-default elementor-section-height-default\" data-id=\"723a194\" data-element_type=\"section\">\n\t\t\t\t\t\t<div class=\"elementor-container elementor-column-gap-default\">\n\t\t\t\t\t<div class=\"aux-parallax-section elementor-column elementor-col-100 elementor-top-column elementor-element elementor-element-0dbff98\" data-id=\"0dbff98\" data-element_type=\"column\">\n\t\t\t<div class=\"elementor-widget-wrap elementor-element-populated\">\n\t\t\t\t\t\t\t\t<div class=\"elementor-element elementor-element-f4a2831 elementor-widget elementor-widget-image\" data-id=\"f4a2831\" data-element_type=\"widget\" data-widget_type=\"image.default\">\n\t\t\t\t<div class=\"elementor-widget-container\">\n\t\t\t<style>\/*! elementor - v3.6.4 - 13-04-2022 *\/\n.elementor-widget-image{text-align:center}.elementor-widget-image a{display:inline-block}.elementor-widget-image a img[src$=\".svg\"]{width:48px}.elementor-widget-image img{vertical-align:middle;display:inline-block}<\/style>\t\t\t\t\t\t\t\t\t\t\t\t<img loading=\"lazy\" decoding=\"async\" width=\"632\" height=\"563\" src=\"https:\/\/nasrosupirosorr.ro\/wp-content\/uploads\/2022\/05\/131378356_166190335234491_6877801975846632425_n.jpg\" class=\"attachment-medium_large size-medium_large\" alt=\"\" \/>\t\t\t\t\t\t\t\t\t\t\t\t\t\t\t<\/div>\n\t\t\t\t<\/div>\n\t\t\t\t\t<\/div>\n\t\t<\/div>\n\t\t\t\t\t\t\t<\/div>\n\t\t<\/section>\n\t\t\t\t<section class=\"elementor-section elementor-top-section elementor-element elementor-element-1023aba elementor-section-boxed elementor-section-height-default elementor-section-height-default\" data-id=\"1023aba\" data-element_type=\"section\">\n\t\t\t\t\t\t<div class=\"elementor-container elementor-column-gap-default\">\n\t\t\t\t\t<div class=\"aux-parallax-section elementor-column elementor-col-100 elementor-top-column elementor-element elementor-element-fa2deb9\" data-id=\"fa2deb9\" data-element_type=\"column\">\n\t\t\t<div class=\"elementor-widget-wrap elementor-element-populated\">\n\t\t\t\t\t\t\t\t<div class=\"elementor-element elementor-element-423dc55 elementor-widget elementor-widget-text-editor\" data-id=\"423dc55\" data-element_type=\"widget\" data-widget_type=\"text-editor.default\">\n\t\t\t\t<div class=\"elementor-widget-container\">\n\t\t\t\t\t\t\t<h1 style=\"box-sizing: inherit; margin-top: 5px; margin-bottom: 6px; padding: 0px; border: 0px; outline: 0px; vertical-align: baseline; background-image: initial; background-position: initial; background-size: initial; background-repeat: initial; background-attachment: initial; background-origin: initial; background-clip: initial; font-size: 3rem; clear: both; line-height: 1.2; font-family: Roboto, sans-serif; color: #111111; letter-spacing: normal;\">M\u00e1sodszor t\u00e1boroznak a s\u00e9r\u00fclt gyerekek \u00e9s csal\u00e1djaik<\/h1><p>\u00a0<\/p><p style=\"box-sizing: inherit; margin-bottom: 17px; padding: 0px; border: 0px; outline: 0px; vertical-align: baseline; background-image: initial; background-position: initial; background-size: initial; background-repeat: initial; background-attachment: initial; background-origin: initial; background-clip: initial; color: #666666; font-family: Roboto, sans-serif; font-size: 15px;\">M\u00e1sodik alkalommal szervezi meg egyes\u00fclet\u00fcnk a Piros Orr T\u00e1bort a Marosv\u00e1s\u00e1rhelyen \u00e9s k\u00f6rny\u00e9k\u00e9n \u00e9l\u0151, s\u00e9r\u00fclt gyermeket nevel\u0151 csal\u00e1dok sz\u00e1m\u00e1ra. \u0150k azok az \u00e9rintettek, akiknek ritk\u00e1n van lehet\u0151s\u00e9g\u00fck arra, hogy kiszakadjanak a mindennapi rutinb\u00f3l, kir\u00e1nduljanak, nyaraljanak, hogy a csal\u00e1d minden tagja egy\u00fctt t\u00f6lts\u00f6n min\u0151s\u00e9gi id\u0151t. Sokan nem is engedhetik meg maguknak, hogy r\u00e9szt vegyenek p\u00e9ld\u00e1ul egy ilyen t\u00e1borban.<\/p><p style=\"box-sizing: inherit; margin-bottom: 17px; padding: 0px; border: 0px; outline: 0px; vertical-align: baseline; background-image: initial; background-position: initial; background-size: initial; background-repeat: initial; background-attachment: initial; background-origin: initial; background-clip: initial; color: #666666; font-family: Roboto, sans-serif; font-size: 15px;\">Kev\u00e9s hasonl\u00f3 jelleg\u0171 t\u00e1bor van Erd\u00e9lyben \u00e9s az orsz\u00e1gban, pedig nagyon nagy ig\u00e9ny lenne r\u00e1, hiszen egy s\u00e9r\u00fclt gyermekes csal\u00e1d nehezen tud egy\u00fctt nyaralni. A Piros Orr T\u00e1bort gy\u00f3gypedag\u00f3gusok, terapeut\u00e1k vezetik, \u00e9s \u0151k \u00e1ll\u00edtj\u00e1k \u00f6ssze arra h\u00e1rom napra a programokat is \u00fagy, hogy a csal\u00e1d minden tagj\u00e1ra gondolnak. Fejleszt\u0151 foglalkoz\u00e1sokat tartanak a s\u00e9r\u00fclt gyerekeknek, besz\u00e9lget\u00e9seket a sz\u00fcl\u0151knek, sportprogramokat az eg\u00e9szs\u00e9ges testv\u00e9reknek, de arra is figyelnek, hogy a csal\u00e1d egy\u00fctt is t\u00f6lts\u00f6n feledhetetlen pillanatokat. A s\u00e9r\u00fclt gyereket nevel\u0151 csal\u00e1dok t\u00f6bbs\u00e9g\u00e9ben az \u00e9desanya vagy \u00e9desapa a szem\u00e9lyi gondoz\u00f3ja a gyereknek, \u00edgy fontos a t\u00e1bort szervez\u0151k sz\u00e1m\u00e1ra, hogy erre a p\u00e1r napra ezt a terhet is levegy\u00e9k a sz\u00fcl\u0151k v\u00e1ll\u00e1r\u00f3l \u00e9s \u00fagy tudjanak a sz\u00fcl\u0151k id\u0151t t\u00f6lteni, hogy gondoskod\u00f3 kezek k\u00f6z\u00f6tt tudj\u00e1k gyerekeiket. A csal\u00e1dok 4 feledhetetlen napot t\u00f6lthetnek j\u00fanius 22-25. k\u00f6z\u00f6tt a Hargita Kereszt\u00e9ny T\u00e1borban, mely megfelel\u0151en akad\u00e1lymentes\u00edtett sz\u00e1mukra. Ez a p\u00e1r nap, mely \u00e9lm\u00e9nyekben gazdag, felt\u00f6lti a sz\u00fcl\u0151ket, a csal\u00e1dokat, hogy tov\u00e1bb tudj\u00e1k folytatni azt a feladatot, amit egy s\u00e9r\u00fclt gyerek nevel\u00e9se, gondoz\u00e1sa jelent sz\u00e1mukra. Nagy figyelmet kaphatnak a testv\u00e9rek is, akik k\u00f6z\u00f6s programokban vehetnek r\u00e9szt a sz\u00fcleikkel \u00fagy, hogy addig van, aki a s\u00e9r\u00fclt gyerekre vigy\u00e1zzon. Sok csal\u00e1d anyagilag sem engedheti meg mag\u00e1nak, hogy egy\u00fctt menjenenek kir\u00e1dulni, egy h\u00e9tv\u00e9g\u00e9t valahol elt\u00f6ltsenek, \u00edgy a Piros Orr T\u00e1bor j\u00f3 lehet\u0151s\u00e9g sz\u00e1mukra. Lesz k\u00e9zm\u0171vesked\u00e9s, besz\u00e9lget\u00e9sek, csal\u00e1di sportnap, imas\u00e9ta, zen\u00e9l\u00e9s, szakmai el\u0151ad\u00e1s \u00e9s lazul\u00f3s program is. Az eg\u00e9sz csal\u00e1d ritk\u00e1n tud egy\u00fctt lenni, fesztelen\u00fcl, ez\u00e9rt k\u00fcl\u00f6n\u00f6sen fontos sz\u00e1mukra\u00a0ez\u00a0a\u00a0t\u00e1bor.<\/p><p style=\"box-sizing: inherit; margin-bottom: 17px; padding: 0px; border: 0px; outline: 0px; vertical-align: baseline; background-image: initial; background-position: initial; background-size: initial; background-repeat: initial; background-attachment: initial; background-origin: initial; background-clip: initial; color: #666666; font-family: Roboto, sans-serif; font-size: 15px;\">A t\u00e1bort helyi v\u00e1llalkoz\u00f3k, mag\u00e1nszem\u00e9lyek, az Als\u00f3v\u00e1rosi Reform\u00e1tus gy\u00fclekezet is t\u00e1mogatta.<\/p>\t\t\t\t\t\t<\/div>\n\t\t\t\t<\/div>\n\t\t\t\t\t<\/div>\n\t\t<\/div>\n\t\t\t\t\t\t\t<\/div>\n\t\t<\/section>\n\t\t\t\t<section class=\"elementor-section elementor-top-section elementor-element elementor-element-6ce8966 elementor-section-boxed elementor-section-height-default elementor-section-height-default\" data-id=\"6ce8966\" data-element_type=\"section\">\n\t\t\t\t\t\t<div class=\"elementor-container elementor-column-gap-default\">\n\t\t\t\t\t<div class=\"aux-parallax-section elementor-column elementor-col-100 elementor-top-column elementor-element elementor-element-e56865f\" data-id=\"e56865f\" data-element_type=\"column\">\n\t\t\t<div class=\"elementor-widget-wrap elementor-element-populated\">\n\t\t\t\t\t\t\t\t<div class=\"elementor-element elementor-element-23986f7 elementor-widget elementor-widget-heading\" data-id=\"23986f7\" data-element_type=\"widget\" data-widget_type=\"heading.default\">\n\t\t\t\t<div class=\"elementor-widget-container\">\n\t\t\t<style>\/*! elementor - v3.6.4 - 13-04-2022 *\/\n.elementor-heading-title{padding:0;margin:0;line-height:1}.elementor-widget-heading .elementor-heading-title[class*=elementor-size-]>a{color:inherit;font-size:inherit;line-height:inherit}.elementor-widget-heading .elementor-heading-title.elementor-size-small{font-size:15px}.elementor-widget-heading .elementor-heading-title.elementor-size-medium{font-size:19px}.elementor-widget-heading .elementor-heading-title.elementor-size-large{font-size:29px}.elementor-widget-heading .elementor-heading-title.elementor-size-xl{font-size:39px}.elementor-widget-heading .elementor-heading-title.elementor-size-xxl{font-size:59px}<\/style><h3 class=\"elementor-heading-title elementor-size-default\">Tov\u00e1bbi t\u00e1mogat\u00f3k:<\/h3>\t\t<\/div>\n\t\t\t\t<\/div>\n\t\t\t\t\t<\/div>\n\t\t<\/div>\n\t\t\t\t\t\t\t<\/div>\n\t\t<\/section>\n\t\t\t\t<section class=\"elementor-section elementor-top-section elementor-element elementor-element-dd40ccc elementor-section-boxed elementor-section-height-default elementor-section-height-default\" data-id=\"dd40ccc\" data-element_type=\"section\">\n\t\t\t\t\t\t<div class=\"elementor-container elementor-column-gap-default\">\n\t\t\t\t\t<div class=\"aux-parallax-section elementor-column elementor-col-50 elementor-top-column elementor-element elementor-element-1ce1950\" data-id=\"1ce1950\" data-element_type=\"column\">\n\t\t\t<div class=\"elementor-widget-wrap elementor-element-populated\">\n\t\t\t\t\t\t\t\t<div class=\"elementor-element elementor-element-1bca933 elementor-widget elementor-widget-image\" data-id=\"1bca933\" data-element_type=\"widget\" data-widget_type=\"image.default\">\n\t\t\t\t<div class=\"elementor-widget-container\">\n\t\t\t\t\t\t\t\t\t\t\t\t\t\t\t<img loading=\"lazy\" decoding=\"async\" width=\"398\" height=\"261\" src=\"https:\/\/nasrosupirosorr.ro\/wp-content\/uploads\/2023\/06\/hir_3014.jpg\" class=\"attachment-large size-large\" alt=\"\" \/>\t\t\t\t\t\t\t\t\t\t\t\t\t\t\t<\/div>\n\t\t\t\t<\/div>\n\t\t\t\t\t<\/div>\n\t\t<\/div>\n\t\t\t\t<div class=\"aux-parallax-section elementor-column elementor-col-50 elementor-top-column elementor-element elementor-element-de70e03\" data-id=\"de70e03\" data-element_type=\"column\">\n\t\t\t<div class=\"elementor-widget-wrap elementor-element-populated\">\n\t\t\t\t\t\t\t\t<div class=\"elementor-element elementor-element-d63a62c elementor-widget elementor-widget-image\" data-id=\"d63a62c\" data-element_type=\"widget\" data-widget_type=\"image.default\">\n\t\t\t\t<div class=\"elementor-widget-container\">\n\t\t\t\t\t\t\t\t\t\t\t\t\t\t\t<img loading=\"lazy\" decoding=\"async\" width=\"398\" height=\"264\" src=\"https:\/\/nasrosupirosorr.ro\/wp-content\/uploads\/2023\/06\/hir_3489.jpg\" class=\"attachment-large size-large\" alt=\"\" \/>\t\t\t\t\t\t\t\t\t\t\t\t\t\t\t<\/div>\n\t\t\t\t<\/div>\n\t\t\t\t\t<\/div>\n\t\t<\/div>\n\t\t\t\t\t\t\t<\/div>\n\t\t<\/section>\n\t\t\t\t\t\t\t<\/div>\n\t\t","protected":false},"excerpt":{"rendered":"<p>Piros Orr Egyes\u00fclet Bizony\u00e1ra sokatokban felmer\u00fcl, hogy mi\u00e9rt is lett Piros Orr az egyes\u00fclet\u00fcnk neve? Tal\u00e1n az is megfordult a fejetekben, hogy m\u00e1r l\u00e9tezik egy nemzetk\u00f6zi szervezet a Red Noses International, nos a mi\u00e9nknek teljesen m\u00e1s t\u00f6rt\u00e9nete van. Amikor megfogalmaz\u00f3dott benn\u00fcnk, hogy szeretn\u00e9nk Marci fiunknak egy egyes\u00fcletet l\u00e9trehozni kezdt\u00fcnk gondolkodni, hogy mi is legyen a [&hellip;]<\/p>\n","protected":false},"author":1,"featured_media":0,"parent":0,"menu_order":0,"comment_status":"closed","ping_status":"closed","template":"","meta":{"_monsterinsights_skip_tracking":false,"_monsterinsights_sitenote_active":false,"_monsterinsights_sitenote_note":"","_monsterinsights_sitenote_category":0,"footnotes":""},"class_list":["post-8","page","type-page","status-publish","hentry"],"_links":{"self":[{"href":"https:\/\/nasrosupirosorr.ro\/index.php\/wp-json\/wp\/v2\/pages\/8","targetHints":{"allow":["GET"]}}],"collection":[{"href":"https:\/\/nasrosupirosorr.ro\/index.php\/wp-json\/wp\/v2\/pages"}],"about":[{"href":"https:\/\/nasrosupirosorr.ro\/index.php\/wp-json\/wp\/v2\/types\/page"}],"author":[{"embeddable":true,"href":"https:\/\/nasrosupirosorr.ro\/index.php\/wp-json\/wp\/v2\/users\/1"}],"replies":[{"embeddable":true,"href":"https:\/\/nasrosupirosorr.ro\/index.php\/wp-json\/wp\/v2\/comments?post=8"}],"version-history":[{"count":51,"href":"https:\/\/nasrosupirosorr.ro\/index.php\/wp-json\/wp\/v2\/pages\/8\/revisions"}],"predecessor-version":[{"id":293,"href":"https:\/\/nasrosupirosorr.ro\/index.php\/wp-json\/wp\/v2\/pages\/8\/revisions\/293"}],"wp:attachment":[{"href":"https:\/\/nasrosupirosorr.ro\/index.php\/wp-json\/wp\/v2\/media?parent=8"}],"curies":[{"name":"wp","href":"https:\/\/api.w.org\/{rel}","templated":true}]}}